{"id":124,"date":"2018-07-11T10:38:53","date_gmt":"2018-07-11T10:38:53","guid":{"rendered":"https:\/\/www.auxiliavera.com\/?page_id=124"},"modified":"2024-02-02T12:36:36","modified_gmt":"2024-02-02T12:36:36","slug":"de","status":"publish","type":"page","link":"https:\/\/www.auxiliavera.com\/?page_id=124","title":{"rendered":"DEUTSCH"},"content":{"rendered":"\n<div class=\"wp-block-buttons is-content-justification-center is-layout-flex wp-container-core-buttons-is-layout-1 wp-block-buttons-is-layout-flex\">\n<div class=\"wp-block-button has-custom-width wp-block-button__width-50 is-style-outline is-style-outline--1\"><a class=\"wp-block-button__link wp-element-button\" href=\"https:\/\/www.auxiliavera.com\/?page_id=4606\" style=\"border-radius:100px\">BEDARFSBOGEN<\/a><\/div>\n<\/div>\n\n\n<p>\u00a0<\/p>\n<p><strong>Alt werden im eigenen Haus<\/strong> ist ein Traum von vielen Menschen, die es sich leider aus gesundheitlichen Gr\u00fcnden nicht leisten k\u00f6nnen. Vor allem wegen der mangelnden Selbst\u00e4ndigkeit. Den Kampf mit dem Problem der immer \u00e4lteren Gesellschaft kann man heutzutage als eine der weltweit gr\u00f6\u00dften Herausforderungen bezeichnen. Dies betrifft wirtschaftlich gut entwickelte L\u00e4nder, auch Deutschland. Die Spazialisten glauben, dass die Zahl der \u00e4lteren Menschen immer h\u00f6her sein wird\u2026<\/p>\n<p>Um den Erwartungen und Bed\u00fcrfnissen der Senioren und ihren Familien entgegenzukommen, sind auf dem deutschen Markt Firmen entstanden, die sich daran spezialisieren, <strong>den Senioren eine entsprechende Betreuung zu sichern<\/strong>, sie bei der Haushaltsf\u00fchrung zu unterst\u00fctzen, f\u00fcr ihr Wohlbefinden und tagt\u00e4gliche Sicherheit zu sorgen. Die seniorenfreundlichen L\u00f6sungen haben gleichzeitig ein neues M\u00f6glichkeitsspektrum im Bereich der legalen Besch\u00e4ftigung der Arbeiter aus den osteurop\u00e4ischen L\u00e4ndern er\u00f6ffnet.<\/p>\n<p>Verstehen Sie die Probleme und Schwierigkeiten der Senioren, die sie jeden Tag bek\u00e4mpfen m\u00fcssen? M\u00f6chten Sie neue Orte, Menschen und ihre Kultur kennenlernen und Ihr Leben genie\u00dfen \u2013 und gleichzeitig auch den \u00e4lteren Menschen helfen, w\u00fcrdevoll in der heutigen Welt zu funktionieren? <strong>\u00a0Suchen Sie nach einer interessanten Arbeit in Deutschland?<\/strong> Nach einer kurzfristigen Arbeit, die man auch im Haus, in der netten Umgebung aus\u00fcben k\u00f6nnte? So schlagen wir Ihnen eine legale Besch\u00e4ftigung als Seniorenbetreuer\/in vor.<\/p>\n<p>Wir sind ein Unternehmen, das in Zusammenarbeit mit den deutschen Agenturen entsprechende Arbeitsangebote vermittelt, die Anforderungen des Pflegebed\u00fcrftigen an die Pr\u00e4ferenzen des Betreuers anpasst und alle T\u00e4tigkeiten koordiniert, die mit Verwirklichung des Auftrags verbunden sind: Versicherung, An- und Abreise, st\u00e4ndiger Kontakt mit dem Betreuer, Sorge um Sicherheit w\u00e4hrend des Aufenthalts im Ausland. <strong>Unser Vorteil sind anst\u00e4ndige Arbeitsbedingungen, befriedigende finanzielle Bedingungen und professionelle Unterst\u00fctzung des vereidigten Dolmetschers und \u00dcbersetzers der deutschen Sprache.<\/strong><\/p>\n<p><strong>Der Honorar f\u00fcr jeden Auftrag wird individuell, auf Grund verschiedener Faktoren bestimmt<\/strong>, am wichtigsten sind: Deutschkenntnisse, Erfahrung in der Seniorenbetreuung (Referenzen, Zertifikate), F\u00fchrerschein, Pflegebereich, Zahl der zu betreuenden Personen im Haushalt, Pflegestufe, Nachteins\u00e4tze etc.<\/p>\n<p>Jeder Auftrag ist verschieden, so wie verschieden ist jeder Pflegebed\u00fcrftige, jeder Betreuer, jeder von uns. <strong>Unsere Priorit\u00e4t ist der MENSCH<\/strong>, seine Bed\u00fcrfnisse, Pr\u00e4ferenzen, die gegenseitige Akzeptanz und Toleranz. Wir wollen eine richtige, reale Hilfe leisten. So lautet auch unsere Botschaft: <strong>Auxilia Vera, die richtige Hilfe<\/strong>. Wir sind davon \u00fcberzeugt, da\u00df Ihnen die Arbeit als Seniorenbetreuer Zufriedenheit bereiten wird und um neue Erfahrungen bereichert. <strong>Das Gute wird wiederkommen.<\/strong><\/p>\n<h4 style=\"text-align: center;\">Wir laden Sie herzlich zur Zusammenarbeit ein.<\/h4>\n<p>Unser B\u00fcro: 80-241 Gda\u0144sk, Al. Grunwaldzka 56 Zi. 211<\/p>\n<p>Wir stehen Ihnen von Montag bis Freitag von 10.00 bis 16.00 Uhr zur Verf\u00fcgung.<\/p>\n<p>Tel.: +48 789 200 541<\/p>\n<p>E-Mail: info@auxiliavera.com<\/p>\n\n\n<div class=\"wp-block-buttons is-content-justification-center is-layout-flex wp-container-core-buttons-is-layout-2 wp-block-buttons-is-layout-flex\">\n<div class=\"wp-block-button has-custom-width wp-block-button__width-50 has-custom-font-size has-medium-font-size\"><a class=\"wp-block-button__link wp-element-button\" href=\"https:\/\/www.auxiliavera.com\/?page_id=4606\" style=\"border-radius:100px\">BEDARFSBOGEN<\/a><\/div>\n<\/div>\n\n\n<p style=\"text-align: center;\">\u00a0 \u00a0 \u00a0\u00a0<\/p>\n\n\n<hr class=\"wp-block-separator has-alpha-channel-opacity is-style-wide\"\/>\n\n\n\n<h4 class=\"wp-block-heading has-text-align-center\">KONTAKT<\/h4>\n\n\n\n<div class=\"wp-block-group has-background is-content-justification-center is-nowrap is-layout-flex wp-container-core-group-is-layout-1 wp-block-group-is-layout-flex\" style=\"background-color:#d5e5f2\">\n<div class=\"wp-block-contact-form-7-contact-form-selector\">\n<div class=\"wpcf7 no-js\" id=\"wpcf7-f5908-o1\" lang=\"pl-PL\" dir=\"ltr\">\n<div class=\"screen-reader-response\"><p role=\"status\" aria-live=\"polite\" aria-atomic=\"true\"><\/p> <ul><\/ul><\/div>\n<form action=\"\/index.php?rest_route=%2Fwp%2Fv2%2Fpages%2F124#wpcf7-f5908-o1\" method=\"post\" class=\"wpcf7-form init\" aria-label=\"Formularz kontaktowy\" enctype=\"multipart\/form-data\" novalidate=\"novalidate\" data-status=\"init\">\n<div style=\"display: none;\">\n<input type=\"hidden\" name=\"_wpcf7\" value=\"5908\" \/>\n<input type=\"hidden\" name=\"_wpcf7_version\" value=\"5.7.7\" \/>\n<input type=\"hidden\" name=\"_wpcf7_locale\" value=\"pl_PL\" \/>\n<input type=\"hidden\" name=\"_wpcf7_unit_tag\" value=\"wpcf7-f5908-o1\" \/>\n<input type=\"hidden\" name=\"_wpcf7_container_post\" value=\"0\" \/>\n<input type=\"hidden\" name=\"_wpcf7_posted_data_hash\" value=\"\" \/>\n<\/div>\n<p><label><br \/>\n<label> Name<br \/>\n<span class=\"wpcf7-form-control-wrap\" data-name=\"your-name\"><input size=\"40\" class=\"wpcf7-form-control wpcf7-text wpcf7-validates-as-required\" autocomplete=\"name\" aria-required=\"true\" aria-invalid=\"false\" value=\"\" type=\"text\" name=\"your-name\" \/><\/span> <\/label><br \/>\n<label> E-Mail<br \/>\n<span class=\"wpcf7-form-control-wrap\" data-name=\"your-email\"><input size=\"40\" class=\"wpcf7-form-control wpcf7-text wpcf7-email wpcf7-validates-as-email\" autocomplete=\"email\" aria-invalid=\"false\" value=\"\" type=\"email\" name=\"your-email\" \/><\/span> <\/label><br \/>\n<label> Telefon<br \/>\n<span class=\"wpcf7-form-control-wrap\" data-name=\"your-telefon\"><input size=\"40\" class=\"wpcf7-form-control wpcf7-text wpcf7-validates-as-required\" autocomplete=\"telefon\" aria-required=\"true\" aria-invalid=\"false\" value=\"\" type=\"text\" name=\"your-telefon\" \/><\/span> <\/label><br \/>\n<label> Nachricht<br \/>\n<span class=\"wpcf7-form-control-wrap\" data-name=\"your-message\"><textarea cols=\"40\" rows=\"10\" class=\"wpcf7-form-control wpcf7-textarea\" aria-invalid=\"false\" name=\"your-message\"><\/textarea><\/span> <\/label><br \/>\n<label> \u2b07 Datei Hochladen<br \/>\n<span class=\"wpcf7-form-control-wrap\" data-name=\"DateiHochladen\"><input size=\"40\" class=\"wpcf7-form-control wpcf7-file\" accept=\"audio\/*,video\/*,image\/*\" aria-invalid=\"false\" type=\"file\" name=\"DateiHochladen\" \/><\/span><br \/>\n<label><br \/>\n<span class=\"wpcf7-form-control-wrap\" data-name=\"acceptance-379\"><span class=\"wpcf7-form-control wpcf7-acceptance\"><span class=\"wpcf7-list-item\"><label><input type=\"checkbox\" name=\"acceptance-379\" value=\"1\" aria-invalid=\"false\" \/><span class=\"wpcf7-list-item-label\">Ich erkl\u00e4re mich damit einverstanden, via E-Mail oder Telefon von AuxiliaVera Sp. z o.o. kontaktiert zu werden.<\/span><\/label><\/span><\/span><\/span><br \/>\n<label><br \/>\n<input class=\"wpcf7-form-control has-spinner wpcf7-submit\" type=\"submit\" value=\"SENDEN\" \/><\/label><\/label><\/label><\/label>\n<\/p><div class=\"wpcf7-response-output\" aria-hidden=\"true\"><\/div>\n<\/form>\n<\/div>\n<\/div>\n<\/div>\n ","protected":false},"excerpt":{"rendered":"<p>\u00a0 Alt werden im eigenen Haus ist ein Traum von vielen Menschen, die es sich leider aus gesundheitlichen Gr\u00fcnden nicht leisten k\u00f6nnen. Vor allem wegen der mangelnden Selbst\u00e4ndigkeit. Den Kampf mit dem Problem der immer \u00e4lteren Gesellschaft kann man heutzutage als eine der weltweit gr\u00f6\u00dften Herausforderungen bezeichnen. Dies betrifft wirtschaftlich gut entwickelte L\u00e4nder, auch Deutschland.&hellip; <br \/> <a class=\"read-more\" href=\"https:\/\/www.auxiliavera.com\/?page_id=124\">Dowiedz si\u0119 wi\u0119cej<\/a><\/p>\n","protected":false},"author":1,"featured_media":0,"parent":0,"menu_order":0,"comment_status":"closed","ping_status":"closed","template":"","meta":{"footnotes":""},"class_list":["post-124","page","type-page","status-publish","hentry"],"_links":{"self":[{"href":"https:\/\/www.auxiliavera.com\/index.php?rest_route=\/wp\/v2\/pages\/124","targetHints":{"allow":["GET"]}}],"collection":[{"href":"https:\/\/www.auxiliavera.com\/index.php?rest_route=\/wp\/v2\/pages"}],"about":[{"href":"https:\/\/www.auxiliavera.com\/index.php?rest_route=\/wp\/v2\/types\/page"}],"author":[{"embeddable":true,"href":"https:\/\/www.auxiliavera.com\/index.php?rest_route=\/wp\/v2\/users\/1"}],"replies":[{"embeddable":true,"href":"https:\/\/www.auxiliavera.com\/index.php?rest_route=%2Fwp%2Fv2%2Fcomments&post=124"}],"version-history":[{"count":17,"href":"https:\/\/www.auxiliavera.com\/index.php?rest_route=\/wp\/v2\/pages\/124\/revisions"}],"predecessor-version":[{"id":7075,"href":"https:\/\/www.auxiliavera.com\/index.php?rest_route=\/wp\/v2\/pages\/124\/revisions\/7075"}],"wp:attachment":[{"href":"https:\/\/www.auxiliavera.com\/index.php?rest_route=%2Fwp%2Fv2%2Fmedia&parent=124"}],"curies":[{"name":"wp","href":"https:\/\/api.w.org\/{rel}","templated":true}]}}